te the remainder when d is divided by 36.
33
Let y(s) = -s**3 - 2*s**2 - 4*s - 4. Let j be y(-2). Suppose 47 = w + j*v, v + 44 = 2*w - v. What is the remainder when w is divided by 6?
3
Suppose 114 = 4*p + 2*a, -2*p + 15 = -a - 48. What is the remainder when (3 + 2 - -30) + -3 is divided by ((-10)/p)/(1/(-33))?
10
Let k(w) be the second derivative of 7*w**4/12 + 13*w**3/6 - 4*w**2 + 15*w + 3. Calculate the remainder when k(-8) is divided by 13.
11
Suppose 152*d = 208*d - 6496. What is the remainder when 361 is divided by d?
13
What is the remainder when (9332/4 + 0)*1 is divided by 45?
38
Let g(c) = 6*c**3 + c - 2. Let l = 21 + -23. Calculate the remainder when (-3 + -17)/(-5)*(-3)/l is divided by g(1).
1
Let w(k) = 4*k**2 - k. Suppose 0 = -4*m - 5*j + 161, 3*m = 6*m + 4*j - 120. What is the remainder when m is divided by w(1)?
2
Suppose -89*j + 2187 + 12892 = -51. Calculate the remainder when j is divided by 10.
0
Let p(k) = -2*k**3 + 36*k**2 - 5*k + 96. Let h be p(18). Let j = 407 - 86. Suppose -357 = -h*x + j. What is the remainder when x is divided by 38?
37
Suppose 9*v - 4*v = 60. Let o = 246 + -246. Calculate the remainder when ((-72)/(-6))/3 - (-17 - o) is divided by v.
9
Calculate the remainder when (-220)/(-80)*(219 - 1/(-1)) is divided by 311.
294
Let o(z) = -1. Let k(p) = -21*p - 62. Let x(m) = -k(m) - 2*o(m). What is the remainder when x(6) is divided by 48?
46
Suppose 0 = -3*a + l - 7, 4*a - 2*a - 3*l + 7 = 0. Let r be 1/a + 77/22. Calculate the remainder when 73 is divided by (-78)/(-2) - r*(-4)/(-6).
36
Let c = 7 - -35. Calculate the remainder when c is divided by (13/(-65))/(4/520*-2).
3
Calculate the remainder when 1 + -5 - 3*(-14360)/24 is divided by 445.
11
Let s = -59 - -29. Let z = 101 + s. What is the remainder when z is divided by (-2)/(-6) - 132/(-9)?
11
Suppose -3*t = -4*q - 50, -5*q + 51 = 3*t - 35. Suppose 4*s - 93 = 5*a, -2*s - 10*a + 54 = -14*a. What is the remainder when t is divided by s?
5
Let s = 2001 + -1979. Let t = -6 + 10. What is the remainder when s is divided by t?
2
Suppose 4*j + 35 - 259 = 0. Let q be 2/(-1 + 3 - j/30). Let m = 5 + q. Calculate the remainder when 38 is divided by m.
18
Suppose 3*m = -3*c - 9 + 63, -4*m = -5*c - 54. Suppose 3*z + 12 = 0, 18*s = 15*s + 3*z + 156. Calculate the remainder when s is divided by m.
0
Let x = 38 - 32. What is the remainder when 5218 is divided by x?
4
Let a(s) = 5*s**2 + s - 1. Let q be ((-4)/(-10))/(1/(-5)). Suppose -50 = 1548*c - 1553*c. Calculate the remainder when a(q) is divided by c.
7
Let x(z) be the second derivative of -7*z**3/2 - 5*z**2 + 76*z. What is the remainder when x(-9) is divided by 13?
10
Let x(p) = 45*p**2 - 1481*p - 39. Calculate the remainder when 4740 is divided by x(33).
90
Suppose 0 = 7*h - 5*h - 2. Calculate the remainder when (-1 + (-2)/(-1))*50/h is divided by (9/(-6) - -3)*6.
5
Let u = -10 - -9. Let r(c) = -c**3 + 2*c**2 + 12*c - 6. Calculate the remainder when ((-24)/(-30))/(u/(-35)) is divided by r(4).
8
Let c(l) = -33*l + 214. Calculate the remainder when c(-4) is divided by 11.
5
Suppose -4*g + 213 - 7 = 3*x, -4*g + 2*x = -236. Calculate the remainder when 1902 is divided by g.
54
Let p(h) = -h**2 - 10*h + 17. Let l(b) = 45*b**2 - 3*b + 2. Let f be l(1). Let o = 34 - f. Calculate the remainder when 47 is divided by p(o).
13
Let w(i) = -6*i**2 - 890*i - 253. What is the remainder when 815 is divided by w(-148)?
41
Let u(s) = -s**3 - 9*s**2 - 15*s + 12. Let p(f) = 2*f**3 + 29*f**2 + 19*f + 57. Let a be p(-14). What is the remainder when u(a) is divided by 59?
57
Let n = 10835 + -10354. Calculate the remainder when 1934 is divided by n.
10
Let h(m) be the third derivative of -m**4/24 + 17*m**3/6 + 4*m**2 + 3*m. Calculate the remainder when 124 is divided by h(-4).
19
Suppose -3*d = -2*n + 8, 5*d = d. Suppose 0 = 4*q - 3*t - n, 3*t - 12 = -0*t. Suppose q*a - 81 = 259. What is the remainder when a is divided by 22?
19
Suppose -2*p - 3*m + 189 = 0, 0 = -5*p - m + 3*m + 482. Let u(x) = x**3 - 2*x**2 - 6*x + 17. Let r = -63 + 67. What is the remainder when p is divided by u(r)?
21
Suppose 42 = -3*y + 3*a, -4*a + 38 - 2 = -2*y. Let j be (-4 - 11)*52/y. Let k = 190 - j. What is the remainder when k is divided by 19?
17
Let g = -42 - -133. Let a = 145 - g. What is the remainder when 214 is divided by a?
52
Let o = 252 - 116. Let r = 167 - o. What is the remainder when r is divided by 441/56 + (-18)/(-16) + -1?
7
Suppose 8 = 9*w - 37. Let q(v) = v**3 - 5*v**2 + 4*v + 4. Let k be q(w). Let g = -4 + k. What is the remainder when g is divided by 7?
6
Suppose -1979*v + 2016*v - 1443 = 0. What is the remainder when 1870 is divided by v?
37
Let w(i) = 2739*i + 16757. What is the remainder when 415 is divided by w(-6)?
92
Let d = -1779 - -1799. Suppose 624 = 9*b - b. Calculate the remainder when b is divided by d.
18
Suppose 0 = 117*r + 165*r - 1668 - 2844. What is the remainder when 7181 is divided by r?
13
Let z(k) = -62*k + 1444. Calculate the remainder when 85 is divided by z(23).
13
Let q(f) be the first derivative of 20*f**3 - f**2 + 3*f + 71. What is the remainder when q(1) is divided by 31?
30
Let p(k) = 32*k**3 - 8*k**2 + 8*k - 46. Let x be p(5). Suppose 108 = -19*f + x. What is the remainder when f is divided by 7?
5
Suppose -2*v = v - 360. Let a = -40864 - -40903. What is the remainder when v is divided by a?
3
Suppose -x = -5, -2*u + 11*x + 69 = 12*x. What is the remainder when 271 is divided by u?
15
Suppose 35 = 19*n - 41. Suppose i - n*i = 5*p - 645, -4*i + 112 = p. What is the remainder when p is divided by 27?
24
Let q(x) = -x**3 - 9*x**2 - 6*x - 20. Suppose -21 + 39 = -3*u. Let k be q(u). Let c = k + 103. Calculate the remainder when 50 is divided by c.
6
Suppose -362 = 24*m - 146. Let k(r) = 3*r**2 + 27*r + 1. Let t(j) = j - 3. What is the remainder when k(m) is divided by t(4)?
0
Let r = -1570 + 2890. Suppose 0 = 4*m - 20, -4*v - 4*m - r = -8*v. What is the remainder when v is divided by 16?
15
Let a(m) = 3*m - 6. Let y be a(-6). Let r = 33 + y. Let o = 413 - 385. Calculate the remainder when o is divided by r.
1
Suppose -22*f + 60*f - 9956 = 0. Calculate the remainder when f is divided by 75.
37
Suppose 3*v = 2*x - 364, -3*v - 915 = -5*x + 2*v. Suppose -20*l = -15*l - x. What is the remainder when 183 is divided by l?
35
Let k(l) = -l**3 - 27*l**2 + 39*l + 356. Calculate the remainder when 5373 is divided by k(-28).
45
What is the remainder when 1960 is divided by 179 + -155 - 3*2?
16
Let i(u) = 8*u**3 + 3*u - 2. Let r be i(1). Suppose 0 = r*z - 132 - 102. Calculate the remainder when z is divided by 9.
8
Let h(t) = 2*t**3 + t**2 - 3*t - 3. Let b be h(3). Let l = b + -22. Let k(y) = -3*y - 5. What is the remainder when l is divided by k(-7)?
13
Suppose w - 8 = -5, 5*l - 2*w - 29 = 0. What is the remainder when 2811 is divided by l?
4
Let s = -11190 + 11227. What is the remainder when 137 is divided by s?
26
Let b(d) = -d**3 - 5*d + 674. Let v be b(0). Let q = v + -661. What is the remainder when 322 is divided by q?
10
Let k(w) = -29*w**3 + 232*w**2 + 14*w - 36. What is the remainder when k(8) is divided by 51?
25
Let j = -168 - -116. Let t = j - -83. Let p = -73 + 81. Calculate the remainder when t is divided by p.
7
Suppose -91*r = -73*r - 180. What is the remainder when 40 is divided by r?
0
Suppose 0*j - 3*j - 18 = f, 5*j + 4*f = -30. Let c be j/(-15) + 0 + (-696)/15. Let y = c - -56. Calculate the remainder when y is divided by 3.
1
Let r(f) = 361*f - 7566. What is the remainder when 122 is divided by r(21)?
2
Let q(v) be the second derivative of -v**4/12 - 2*v**3/3 - 3*v**2 - 32*v. Let n be q(-9). What is the remainder when 26/n*-12 - (-2)/(-17) is divided by 3?
0
Calculate the remainder when (4938/(-4))/(25/(800/(-24))) is divided by 17.
14
What is the remainder when 123 is divided by (-40625)/(-1040) - (-1)/(-16) - (-18)/(-3)?
24
Let f = 4339 - 2421. Calculate the remainder when f is divided by 96.
94
Let r be (-2)/(-1) + (-3 - -9) + -14. What is the remainder when 82 is divided by (1 + 2)/(r/(-42))?
19
Let i = -390 + 413. Suppose -5 = w, -v + 10*w - 7*w = -i. What is the remainder when 92 is divided by v?
4
Let n(f) = -f**3 + 4*f**2 + 2*f. Let d be n(4). Let k = d + 22. Calculate the remainder when -1 - ((-1184)